{"id":119,"date":"2025-02-22T12:21:02","date_gmt":"2025-02-22T12:21:02","guid":{"rendered":"https:\/\/villakali.hu\/?page_id=119"},"modified":"2025-08-15T11:50:35","modified_gmt":"2025-08-15T11:50:35","slug":"apartmanjaink","status":"publish","type":"page","link":"https:\/\/villakali.hu\/?page_id=119","title":{"rendered":"Apartmanjaink"},"content":{"rendered":"\n<div class=\"wp-block-group is-vertical is-nowrap is-layout-flex wp-container-core-group-is-layout-68e0ec43 wp-block-group-is-layout-flex\">\n<div class=\"wp-block-columns is-layout-flex wp-container-core-columns-is-layout-3a88641f wp-block-columns-is-layout-flex\">\n<div class=\"wp-block-column is-layout-flow wp-block-column-is-layout-flow\" style=\"flex-basis:100%\">\n<div class=\"wp-block-columns is-layout-flex wp-container-core-columns-is-layout-3a88641f wp-block-columns-is-layout-flex\">\n<div class=\"wp-block-column is-layout-flow wp-block-column-is-layout-flow\" style=\"flex-basis:100%\">\n<div class=\"wp-block-group alignfull has-accent-3-background-color has-background is-vertical is-content-justification-center is-layout-flex wp-container-core-group-is-layout-87d67ad7 wp-block-group-is-layout-flex\" style=\"min-height:100vh;margin-top:0;margin-bottom:0;padding-top:var(--wp--preset--spacing--60);padding-right:var(--wp--preset--spacing--50);padding-bottom:var(--wp--preset--spacing--60);padding-left:var(--wp--preset--spacing--50)\">\n<pre class=\"wp-block-preformatted\" style=\"border-width:2px;margin-top:0;margin-right:var(--wp--preset--spacing--10);margin-bottom:0;margin-left:var(--wp--preset--spacing--10);padding-top:var(--wp--preset--spacing--10);padding-right:var(--wp--preset--spacing--20);padding-bottom:var(--wp--preset--spacing--10);padding-left:var(--wp--preset--spacing--20)\">Apartman nr.1  <br><br>Az \u201eapartman nr.1.\u201d a f\u00f6ldszinten helyezkedik el, 43 n\u00e9gyzetm\u00e9teres, d\u00e9li t\u00e1jol\u00e1s\u00fa amerikai konyh\u00e1s nappali, 2 h\u00e1l\u00f3szoba, f\u00fcrd\u0151szoba. A nappali kertre n\u00e9z\u0151 fala, egy \u00fcvegfal, mely a saj\u00e1t 18 n\u00e9gyzetm\u00e9teres teraszra ny\u00edlik. H\u0171t\u0151-f\u0171t\u0151 kl\u00edm\u00e1k, elsz\u00edv\u00f3rendszer, Wi-fi. A konyh\u00e1ban be\u00e9p\u00edtett h\u0171t\u0151, be\u00e9p\u00edtett mosogat\u00f3g\u00e9p, indukci\u00f3s f\u0151z\u0151lap, be\u00e9p\u00edtett s\u00fct\u0151, keny\u00e9rpir\u00edt\u00f3, v\u00edzforral\u00f3, k\u00e1v\u00e9f\u0151z\u0151. A f\u0171rd\u0151szob\u00e1ban \u00e9p\u00edtett zuhanykabin, f\u00fcggesztett toalet.<\/pre>\n\n\n\n<figure class=\"wp-block-gallery has-nested-images columns-default is-cropped wp-block-gallery-1 is-layout-flex wp-block-gallery-is-layout-flex\">\n<figure class=\"wp-block-image size-large wp-duotone-duotone-1\"><a href=\"https:\/\/villakali.hu\/?page_id=154\" rel=\"https:\/\/villakali.hu\/?page_id=154\"><img fetchpriority=\"high\" decoding=\"async\" width=\"1024\" height=\"442\" data-id=\"253\" src=\"https:\/\/villakali.hu\/wp-content\/uploads\/2025\/08\/1.apartman-1024x442.jpeg\" alt=\"\" class=\"wp-image-253\" srcset=\"https:\/\/villakali.hu\/wp-content\/uploads\/2025\/08\/1.apartman-1024x442.jpeg 1024w, https:\/\/villakali.hu\/wp-content\/uploads\/2025\/08\/1.apartman-300x129.jpeg 300w, https:\/\/villakali.hu\/wp-content\/uploads\/2025\/08\/1.apartman-768x331.jpeg 768w, https:\/\/villakali.hu\/wp-content\/uploads\/2025\/08\/1.apartman-1536x662.jpeg 1536w, https:\/\/villakali.hu\/wp-content\/uploads\/2025\/08\/1.apartman.jpeg 1600w\" sizes=\"(max-width: 1024px) 100vw, 1024px\" \/><\/a><\/figure>\n<\/figure>\n\n\n\n<pre class=\"wp-block-preformatted\" style=\"border-width:2px;margin-top:var(--wp--preset--spacing--10);margin-right:var(--wp--preset--spacing--10);margin-bottom:var(--wp--preset--spacing--10);margin-left:var(--wp--preset--spacing--10);padding-top:var(--wp--preset--spacing--20);padding-right:var(--wp--preset--spacing--20);padding-bottom:var(--wp--preset--spacing--20);padding-left:var(--wp--preset--spacing--20)\">Apartman nr.2<br>F\u00f6ldszinti apartmanunk, d\u00e9li fekv\u00e9s\u0171 terasszal. Amerikai konyh\u00e1s nappali, 1 h\u00e1l\u00f3szoba, f\u00fcrd\u0151szoba.<br>H\u0171t\u0151-f\u0171t\u0151 kl\u00edm\u00e1k, elsz\u00edv\u00f3rendszer, Wi-fi. A konyh\u00e1ban be\u00e9p\u00edtett h\u0171t\u0151, be\u00e9p\u00edtett mosogat\u00f3g\u00e9p, indukci\u00f3s f\u0151z\u0151lap, be\u00e9p\u00edtett s\u00fct\u0151, keny\u00e9rpir\u00edt\u00f3, v\u00edzforral\u00f3, k\u00e1v\u00e9f\u0151z\u0151. A f\u0171rd\u0151szob\u00e1ban \u00e9p\u00edtett zuhanykabin, f\u00fcggesztett toalet.<br><\/pre>\n\n\n\n<figure class=\"wp-block-gallery has-nested-images columns-default is-cropped wp-block-gallery-2 is-layout-flex wp-block-gallery-is-layout-flex\">\n<figure class=\"wp-block-image size-large wp-duotone-duotone-1\"><img decoding=\"async\" width=\"1024\" height=\"526\" data-id=\"261\" src=\"https:\/\/villakali.hu\/wp-content\/uploads\/2025\/08\/2-apartman-1024x526.jpeg\" alt=\"\" class=\"wp-image-261\" srcset=\"https:\/\/villakali.hu\/wp-content\/uploads\/2025\/08\/2-apartman-1024x526.jpeg 1024w, https:\/\/villakali.hu\/wp-content\/uploads\/2025\/08\/2-apartman-300x154.jpeg 300w, https:\/\/villakali.hu\/wp-content\/uploads\/2025\/08\/2-apartman-768x395.jpeg 768w, https:\/\/villakali.hu\/wp-content\/uploads\/2025\/08\/2-apartman-1536x789.jpeg 1536w, https:\/\/villakali.hu\/wp-content\/uploads\/2025\/08\/2-apartman.jpeg 1600w\" sizes=\"(max-width: 1024px) 100vw, 1024px\" \/><\/figure>\n<\/figure>\n<\/div>\n\n\n\n<div class=\"wp-block-group alignfull has-accent-3-background-color has-background is-vertical is-content-justification-center is-layout-flex wp-container-core-group-is-layout-c0bcc40e wp-block-group-is-layout-flex\" style=\"min-height:100vh;margin-top:0;margin-bottom:0;padding-top:var(--wp--preset--spacing--60);padding-right:var(--wp--preset--spacing--50);padding-bottom:var(--wp--preset--spacing--60);padding-left:var(--wp--preset--spacing--50)\">\n<pre class=\"wp-block-preformatted\" style=\"border-width:2px;margin-top:0;margin-right:var(--wp--preset--spacing--10);margin-bottom:0;margin-left:var(--wp--preset--spacing--10);padding-top:var(--wp--preset--spacing--10);padding-right:var(--wp--preset--spacing--20);padding-bottom:var(--wp--preset--spacing--10);padding-left:var(--wp--preset--spacing--20)\">Apartman nr.3<br>Emeleti 42 n\u00e9gyzetm\u00e9teres apartmanunk, d\u00e9li fekv\u00e9s\u0171 terasszal. Amerikai konyh\u00e1s nappali, 2 h\u00e1l\u00f3szoba, f\u00fcrd\u0151szoba.<br>H\u0171t\u0151-f\u0171t\u0151 kl\u00edm\u00e1k, elsz\u00edv\u00f3rendszer, Wi-fi. A konyh\u00e1ban be\u00e9p\u00edtett h\u0171t\u0151, be\u00e9p\u00edtett mosogat\u00f3g\u00e9p, indukci\u00f3s f\u0151z\u0151lap, be\u00e9p\u00edtett s\u00fct\u0151, keny\u00e9rpir\u00edt\u00f3, v\u00edzforral\u00f3, k\u00e1v\u00e9f\u0151z\u0151. A f\u0171rd\u0151szob\u00e1ban \u00e9p\u00edtett zuhanykabin, f\u00fcggesztett toalet.<br><\/pre>\n\n\n\n<figure class=\"wp-block-gallery has-nested-images columns-default is-cropped wp-block-gallery-3 is-layout-flex wp-block-gallery-is-layout-flex\">\n<figure class=\"wp-block-image size-large wp-duotone-duotone-1\"><a href=\"https:\/\/villakali.hu\/?page_id=160\"><img fetchpriority=\"high\" decoding=\"async\" width=\"1024\" height=\"442\" data-id=\"253\" src=\"https:\/\/villakali.hu\/wp-content\/uploads\/2025\/08\/1.apartman-1024x442.jpeg\" alt=\"\" class=\"wp-image-253\" srcset=\"https:\/\/villakali.hu\/wp-content\/uploads\/2025\/08\/1.apartman-1024x442.jpeg 1024w, https:\/\/villakali.hu\/wp-content\/uploads\/2025\/08\/1.apartman-300x129.jpeg 300w, https:\/\/villakali.hu\/wp-content\/uploads\/2025\/08\/1.apartman-768x331.jpeg 768w, https:\/\/villakali.hu\/wp-content\/uploads\/2025\/08\/1.apartman-1536x662.jpeg 1536w, https:\/\/villakali.hu\/wp-content\/uploads\/2025\/08\/1.apartman.jpeg 1600w\" sizes=\"(max-width: 1024px) 100vw, 1024px\" \/><\/a><\/figure>\n<\/figure>\n\n\n\n<pre class=\"wp-block-preformatted\" style=\"border-width:2px;margin-top:var(--wp--preset--spacing--10);margin-right:var(--wp--preset--spacing--10);margin-bottom:var(--wp--preset--spacing--10);margin-left:var(--wp--preset--spacing--10);padding-top:var(--wp--preset--spacing--20);padding-right:var(--wp--preset--spacing--20);padding-bottom:var(--wp--preset--spacing--20);padding-left:var(--wp--preset--spacing--20)\">Apartman nr.4<br><br>Az \u201eapartman nr.4.\u201d az emeleten tal\u00e1lhat\u00f3.<br>\u00d6n\u00e1ll\u00f3 l\u00e9pcs\u0151h\u00e1zon kereszt\u00fcl k\u00f6zel\u00edthet\u0151 meg.<br>34 n\u00e9gyzetm\u00e9teres, t\u00e1gas, francia\u00e1gyas. H\u0171t\u0151-f\u0171t\u0151 kl\u00edma, elsz\u00edv\u00f3rendszer, Wi-fi. A konyh\u00e1ban be\u00e9p\u00edtett h\u0171t\u0151, be\u00e9p\u00edtett mosogat\u00f3g\u00e9p, indukci\u00f3s f\u0151z\u0151lap, keny\u00e9rpir\u00edt\u00f3, v\u00edzforral\u00f3, k\u00e1v\u00e9f\u0151z\u0151. A f\u0171rd\u0151szob\u00e1ban \u00e9p\u00edtett zuhanykabin, f\u00fcggesztett toalett.<\/pre>\n\n\n\n<figure class=\"wp-block-gallery has-nested-images columns-default is-cropped wp-block-gallery-4 is-layout-flex wp-block-gallery-is-layout-flex\">\n<figure class=\"wp-block-image size-large wp-duotone-duotone-1\"><a href=\"https:\/\/villakali.hu\/?page_id=163\"><img decoding=\"async\" data-id=\"260\" src=\"https:\/\/villakali.hu\/wp-content\/uploads\/2025\/08\/4-apartman-699x1024.jpeg\" alt=\"\" class=\"wp-image-260\"\/><\/a><\/figure>\n<\/figure>\n<\/div>\n\n\n\n<p class=\"wp-block-paragraph\"><\/p>\n<\/div>\n<\/div>\n<\/div>\n<\/div>\n<\/div>\n\n\n\n<p class=\"wp-block-paragraph\"><\/p>\n","protected":false},"excerpt":{"rendered":"<p>Apartman nr.1 Az \u201eapartman nr.1.\u201d a f\u00f6ldszinten helyezkedik el, 43 n\u00e9gyzetm\u00e9teres, d\u00e9li t\u00e1jol\u00e1s\u00fa amerikai konyh\u00e1s nappali, 2 h\u00e1l\u00f3szoba, f\u00fcrd\u0151szoba. A nappali kertre n\u00e9z\u0151 fala, egy \u00fcvegfal, mely a saj\u00e1t 18 n\u00e9gyzetm\u00e9teres teraszra ny\u00edlik. H\u0171t\u0151-f\u0171t\u0151 kl\u00edm\u00e1k, elsz\u00edv\u00f3rendszer, Wi-fi. A konyh\u00e1ban be\u00e9p\u00edtett h\u0171t\u0151, be\u00e9p\u00edtett mosogat\u00f3g\u00e9p, indukci\u00f3s f\u0151z\u0151lap, be\u00e9p\u00edtett s\u00fct\u0151, keny\u00e9rpir\u00edt\u00f3, v\u00edzforral\u00f3, k\u00e1v\u00e9f\u0151z\u0151. A f\u0171rd\u0151szob\u00e1ban \u00e9p\u00edtett zuhanykabin, f\u00fcggesztett [&hellip;]<\/p>\n","protected":false},"author":1,"featured_media":0,"parent":0,"menu_order":0,"comment_status":"closed","ping_status":"closed","template":"","meta":{"footnotes":""},"class_list":["post-119","page","type-page","status-publish","hentry"],"_links":{"self":[{"href":"https:\/\/villakali.hu\/index.php?rest_route=\/wp\/v2\/pages\/119","targetHints":{"allow":["GET"]}}],"collection":[{"href":"https:\/\/villakali.hu\/index.php?rest_route=\/wp\/v2\/pages"}],"about":[{"href":"https:\/\/villakali.hu\/index.php?rest_route=\/wp\/v2\/types\/page"}],"author":[{"embeddable":true,"href":"https:\/\/villakali.hu\/index.php?rest_route=\/wp\/v2\/users\/1"}],"replies":[{"embeddable":true,"href":"https:\/\/villakali.hu\/index.php?rest_route=%2Fwp%2Fv2%2Fcomments&post=119"}],"version-history":[{"count":7,"href":"https:\/\/villakali.hu\/index.php?rest_route=\/wp\/v2\/pages\/119\/revisions"}],"predecessor-version":[{"id":263,"href":"https:\/\/villakali.hu\/index.php?rest_route=\/wp\/v2\/pages\/119\/revisions\/263"}],"wp:attachment":[{"href":"https:\/\/villakali.hu\/index.php?rest_route=%2Fwp%2Fv2%2Fmedia&parent=119"}],"curies":[{"name":"wp","href":"https:\/\/api.w.org\/{rel}","templated":true}]}}

<div class="wp-block-group is-vertical is-nowrap is-layout-flex wp-container-core-group-is-layout-68e0ec43 wp-block-group-is-layout-flex">
<div class="wp-block-columns is-layout-flex wp-container-core-columns-is-layout-3a88641f wp-block-columns-is-layout-flex">
<div class="wp-block-column is-layout-flow wp-block-column-is-layout-flow" style="flex-basis:100%">
<div class="wp-block-columns is-layout-flex wp-container-core-columns-is-layout-3a88641f wp-block-columns-is-layout-flex">
<div class="wp-block-column is-layout-flow wp-block-column-is-layout-flow" style="flex-basis:100%">
<div class="wp-block-group alignfull has-accent-3-background-color has-background is-vertical is-content-justification-center is-layout-flex wp-container-core-group-is-layout-87d67ad7 wp-block-group-is-layout-flex" style="min-height:100vh;margin-top:0;margin-bottom:0;padding-top:var(--wp--preset--spacing--60);padding-right:var(--wp--preset--spacing--50);padding-bottom:var(--wp--preset--spacing--60);padding-left:var(--wp--preset--spacing--50)">
<pre class="wp-block-preformatted" style="border-width:2px;margin-top:0;margin-right:var(--wp--preset--spacing--10);margin-bottom:0;margin-left:var(--wp--preset--spacing--10);padding-top:var(--wp--preset--spacing--10);padding-right:var(--wp--preset--spacing--20);padding-bottom:var(--wp--preset--spacing--10);padding-left:var(--wp--preset--spacing--20)">Apartman nr.1  <br><br>Az „apartman nr.1.” a földszinten helyezkedik el, 43 négyzetméteres, déli tájolású amerikai konyhás nappali, 2 hálószoba, fürdőszoba. A nappali kertre néző fala, egy üvegfal, mely a saját 18 négyzetméteres teraszra nyílik. Hűtő-fűtő klímák, elszívórendszer, Wi-fi. A konyhában beépített hűtő, beépített mosogatógép, indukciós főzőlap, beépített sütő, kenyérpirító, vízforraló, kávéfőző. A fűrdőszobában épített zuhanykabin, függesztett toalet.</pre>



<figure class="wp-block-gallery has-nested-images columns-default is-cropped wp-block-gallery-1 is-layout-flex wp-block-gallery-is-layout-flex">
<figure class="wp-block-image size-large wp-duotone-duotone-1"><a href="https://villakali.hu/?page_id=154" rel="https://villakali.hu/?page_id=154"><img fetchpriority="high" decoding="async" width="1024" height="442" data-id="253" src="https://villakali.hu/wp-content/uploads/2025/08/1.apartman-1024x442.jpeg" alt="" class="wp-image-253" srcset="https://villakali.hu/wp-content/uploads/2025/08/1.apartman-1024x442.jpeg 1024w, https://villakali.hu/wp-content/uploads/2025/08/1.apartman-300x129.jpeg 300w, https://villakali.hu/wp-content/uploads/2025/08/1.apartman-768x331.jpeg 768w, https://villakali.hu/wp-content/uploads/2025/08/1.apartman-1536x662.jpeg 1536w, https://villakali.hu/wp-content/uploads/2025/08/1.apartman.jpeg 1600w" sizes="(max-width: 1024px) 100vw, 1024px" /></a></figure>
</figure>



<pre class="wp-block-preformatted" style="border-width:2px;margin-top:var(--wp--preset--spacing--10);margin-right:var(--wp--preset--spacing--10);margin-bottom:var(--wp--preset--spacing--10);margin-left:var(--wp--preset--spacing--10);padding-top:var(--wp--preset--spacing--20);padding-right:var(--wp--preset--spacing--20);padding-bottom:var(--wp--preset--spacing--20);padding-left:var(--wp--preset--spacing--20)">Apartman nr.2<br>Földszinti apartmanunk, déli fekvésű terasszal. Amerikai konyhás nappali, 1 hálószoba, fürdőszoba.<br>Hűtő-fűtő klímák, elszívórendszer, Wi-fi. A konyhában beépített hűtő, beépített mosogatógép, indukciós főzőlap, beépített sütő, kenyérpirító, vízforraló, kávéfőző. A fűrdőszobában épített zuhanykabin, függesztett toalet.<br></pre>



<figure class="wp-block-gallery has-nested-images columns-default is-cropped wp-block-gallery-2 is-layout-flex wp-block-gallery-is-layout-flex">
<figure class="wp-block-image size-large wp-duotone-duotone-1"><img decoding="async" width="1024" height="526" data-id="261" src="https://villakali.hu/wp-content/uploads/2025/08/2-apartman-1024x526.jpeg" alt="" class="wp-image-261" srcset="https://villakali.hu/wp-content/uploads/2025/08/2-apartman-1024x526.jpeg 1024w, https://villakali.hu/wp-content/uploads/2025/08/2-apartman-300x154.jpeg 300w, https://villakali.hu/wp-content/uploads/2025/08/2-apartman-768x395.jpeg 768w, https://villakali.hu/wp-content/uploads/2025/08/2-apartman-1536x789.jpeg 1536w, https://villakali.hu/wp-content/uploads/2025/08/2-apartman.jpeg 1600w" sizes="(max-width: 1024px) 100vw, 1024px" /></figure>
</figure>
</div>



<div class="wp-block-group alignfull has-accent-3-background-color has-background is-vertical is-content-justification-center is-layout-flex wp-container-core-group-is-layout-c0bcc40e wp-block-group-is-layout-flex" style="min-height:100vh;margin-top:0;margin-bottom:0;padding-top:var(--wp--preset--spacing--60);padding-right:var(--wp--preset--spacing--50);padding-bottom:var(--wp--preset--spacing--60);padding-left:var(--wp--preset--spacing--50)">
<pre class="wp-block-preformatted" style="border-width:2px;margin-top:0;margin-right:var(--wp--preset--spacing--10);margin-bottom:0;margin-left:var(--wp--preset--spacing--10);padding-top:var(--wp--preset--spacing--10);padding-right:var(--wp--preset--spacing--20);padding-bottom:var(--wp--preset--spacing--10);padding-left:var(--wp--preset--spacing--20)">Apartman nr.3<br>Emeleti 42 négyzetméteres apartmanunk, déli fekvésű terasszal. Amerikai konyhás nappali, 2 hálószoba, fürdőszoba.<br>Hűtő-fűtő klímák, elszívórendszer, Wi-fi. A konyhában beépített hűtő, beépített mosogatógép, indukciós főzőlap, beépített sütő, kenyérpirító, vízforraló, kávéfőző. A fűrdőszobában épített zuhanykabin, függesztett toalet.<br></pre>



<figure class="wp-block-gallery has-nested-images columns-default is-cropped wp-block-gallery-3 is-layout-flex wp-block-gallery-is-layout-flex">
<figure class="wp-block-image size-large wp-duotone-duotone-1"><a href="https://villakali.hu/?page_id=160"><img fetchpriority="high" decoding="async" width="1024" height="442" data-id="253" src="https://villakali.hu/wp-content/uploads/2025/08/1.apartman-1024x442.jpeg" alt="" class="wp-image-253" srcset="https://villakali.hu/wp-content/uploads/2025/08/1.apartman-1024x442.jpeg 1024w, https://villakali.hu/wp-content/uploads/2025/08/1.apartman-300x129.jpeg 300w, https://villakali.hu/wp-content/uploads/2025/08/1.apartman-768x331.jpeg 768w, https://villakali.hu/wp-content/uploads/2025/08/1.apartman-1536x662.jpeg 1536w, https://villakali.hu/wp-content/uploads/2025/08/1.apartman.jpeg 1600w" sizes="(max-width: 1024px) 100vw, 1024px" /></a></figure>
</figure>



<pre class="wp-block-preformatted" style="border-width:2px;margin-top:var(--wp--preset--spacing--10);margin-right:var(--wp--preset--spacing--10);margin-bottom:var(--wp--preset--spacing--10);margin-left:var(--wp--preset--spacing--10);padding-top:var(--wp--preset--spacing--20);padding-right:var(--wp--preset--spacing--20);padding-bottom:var(--wp--preset--spacing--20);padding-left:var(--wp--preset--spacing--20)">Apartman nr.4<br><br>Az „apartman nr.4.” az emeleten található.<br>Önálló lépcsőházon keresztül közelíthető meg.<br>34 négyzetméteres, tágas, franciaágyas. Hűtő-fűtő klíma, elszívórendszer, Wi-fi. A konyhában beépített hűtő, beépített mosogatógép, indukciós főzőlap, kenyérpirító, vízforraló, kávéfőző. A fűrdőszobában épített zuhanykabin, függesztett toalett.</pre>



<figure class="wp-block-gallery has-nested-images columns-default is-cropped wp-block-gallery-4 is-layout-flex wp-block-gallery-is-layout-flex">
<figure class="wp-block-image size-large wp-duotone-duotone-1"><a href="https://villakali.hu/?page_id=163"><img decoding="async" data-id="260" src="https://villakali.hu/wp-content/uploads/2025/08/4-apartman-699x1024.jpeg" alt="" class="wp-image-260"/></a></figure>
</figure>
</div>



<p class="wp-block-paragraph"></p>
</div>
</div>
</div>
</div>
</div>



<p class="wp-block-paragraph"></p>

<p>Apartman nr.1 Az „apartman nr.1.” a földszinten helyezkedik el, 43 négyzetméteres, déli tájolású amerikai konyhás nappali, 2 hálószoba, fürdőszoba. A nappali kertre néző fala, egy üvegfal, mely a saját 18 négyzetméteres teraszra nyílik. Hűtő-fűtő klímák, elszívórendszer, Wi-fi. A konyhában beépített hűtő, beépített mosogatógép, indukciós főzőlap, beépített sütő, kenyérpirító, vízforraló, kávéfőző. A fűrdőszobában épített zuhanykabin, függesztett [&hellip;]</p>
