{"id":470,"date":"2025-09-14T09:31:40","date_gmt":"2025-09-14T09:31:40","guid":{"rendered":"https:\/\/villakali.hu\/?page_id=470"},"modified":"2026-08-31T14:30:51","modified_gmt":"2026-08-31T14:30:51","slug":"csomagajanlat","status":"publish","type":"page","link":"https:\/\/villakali.hu\/?page_id=470","title":{"rendered":"csomagajanlat"},"content":{"rendered":"\n<div class=\"wp-block-group alignfull has-accent-3-background-color has-background has-global-padding is-layout-constrained wp-container-core-group-is-layout-42aa7641 wp-block-group-is-layout-constrained\" style=\"min-height:100vh;margin-top:0;margin-bottom:0;padding-top:var(--wp--preset--spacing--20);padding-right:var(--wp--preset--spacing--50);padding-bottom:var(--wp--preset--spacing--20);padding-left:var(--wp--preset--spacing--50)\">\n<div class=\"wp-block-group has-global-padding is-layout-constrained wp-block-group-is-layout-constrained\">\n<figure class=\"wp-block-image aligncenter size-full is-resized\"><img fetchpriority=\"high\" decoding=\"async\" width=\"1291\" height=\"412\" src=\"https:\/\/villakali.hu\/wp-content\/uploads\/2026\/08\/fejlec.jpg\" alt=\"\" class=\"wp-image-515\" style=\"object-fit:cover;width:393px;height:100px\" srcset=\"https:\/\/villakali.hu\/wp-content\/uploads\/2026\/08\/fejlec.jpg 1291w, https:\/\/villakali.hu\/wp-content\/uploads\/2026\/08\/fejlec-300x96.jpg 300w, https:\/\/villakali.hu\/wp-content\/uploads\/2026\/08\/fejlec-768x245.jpg 768w, https:\/\/villakali.hu\/wp-content\/uploads\/2026\/08\/fejlec-1024x327.jpg 1024w\" sizes=\"(max-width: 1291px) 100vw, 1291px\" \/><\/figure>\n\n\n\n<h2 class=\"wp-block-heading has-text-align-center has-contrast-color has-text-color has-link-color has-small-font-size wp-elements-1\" style=\"margin-right:0;margin-left:0;padding-right:0;padding-left:0\">BOROS H\u00c9TV\u00c9GE BALATONAKALIBAN<\/h2>\n\n\n\n<p class=\"wp-block-paragraph\" style=\"font-size:0.8rem\"><br>&#8211;  program id\u0151pontja: 2026. okt\u00f3ber 02 (p\u00e9ntekt\u0151l) &#8211; 2026.okt\u00f3ber 04 (vas\u00e1rnapig)<br>&#8211; teljes ell\u00e1t\u00e1ssal (reggeli &#8211; eb\u00e9d &#8211; vacsora)<br>&#8211; pincel\u00e1togat\u00e1s bork\u00f3stol\u00f3val<br>&#8211; elhelyez\u00e9s: modern 2 \u00e1gyas szob\u00e1kban, (plusz f\u0151 megoldhat\u00f3 maximum 4 f\u0151ig)<\/p>\n\n\n\n<p class=\"wp-block-paragraph\"><\/p>\n\n\n\n<p class=\"wp-block-paragraph\" style=\"font-size:0.8rem\">A h\u00e9tv\u00e9ge teljes \u00e1ra, 2 f\u0151 r\u00e9sz\u00e9re : 170.000.- Ft<br>ugyanabban a szob\u00e1ban plusz f\u0151 : 70.000.- Ft<br>fizet\u00e9s \u00e1tutal\u00e1ssal vagy SZ\u00c9P k\u00e1rty\u00e1val<\/p>\n\n\n\n<p class=\"wp-block-paragraph\">\u00c9rdekl\u0151dni : +36-70-784-2000<\/p>\n\n\n\n<p class=\"wp-block-paragraph\"><a href=\"mailto:villakali.akali@gmail.com\">EMAIL<\/a><\/p>\n\n\n\n<p class=\"wp-block-paragraph\"><img decoding=\"async\" width=\"700\" height=\"862\" class=\"wp-image-518\" style=\"width: 700px;\" src=\"https:\/\/villakali.hu\/wp-content\/uploads\/2026\/08\/FlyerMaker_1788184999746.png\" alt=\"\" srcset=\"https:\/\/villakali.hu\/wp-content\/uploads\/2026\/08\/FlyerMaker_1788184999746.png 1300w, https:\/\/villakali.hu\/wp-content\/uploads\/2026\/08\/FlyerMaker_1788184999746-244x300.png 244w, https:\/\/villakali.hu\/wp-content\/uploads\/2026\/08\/FlyerMaker_1788184999746-768x945.png 768w, https:\/\/villakali.hu\/wp-content\/uploads\/2026\/08\/FlyerMaker_1788184999746-832x1024.png 832w, https:\/\/villakali.hu\/wp-content\/uploads\/2026\/08\/FlyerMaker_1788184999746-1248x1536.png 1248w\" sizes=\"(max-width: 700px) 100vw, 700px\" \/><\/p>\n\n\n\n<p class=\"wp-block-paragraph\"><\/p>\n\n\n\n<div style=\"height:var(--wp--preset--spacing--10)\" aria-hidden=\"true\" class=\"wp-block-spacer\"><\/div>\n\n\n\n<div class=\"wp-block-buttons is-content-justification-center is-layout-flex wp-container-core-buttons-is-layout-0aa01211 wp-block-buttons-is-layout-flex\"><\/div>\n<\/div>\n<\/div>\n","protected":false},"excerpt":{"rendered":"<p>BOROS H\u00c9TV\u00c9GE BALATONAKALIBAN &#8211; program id\u0151pontja: 2026. okt\u00f3ber 02 (p\u00e9ntekt\u0151l) &#8211; 2026.okt\u00f3ber 04 (vas\u00e1rnapig)&#8211; teljes ell\u00e1t\u00e1ssal (reggeli &#8211; eb\u00e9d &#8211; vacsora)&#8211; pincel\u00e1togat\u00e1s bork\u00f3stol\u00f3val&#8211; elhelyez\u00e9s: modern 2 \u00e1gyas szob\u00e1kban, (plusz f\u0151 megoldhat\u00f3 maximum 4 f\u0151ig) A h\u00e9tv\u00e9ge teljes \u00e1ra, 2 f\u0151 r\u00e9sz\u00e9re : 170.000.- Ftugyanabban a szob\u00e1ban plusz f\u0151 : 70.000.- Ftfizet\u00e9s \u00e1tutal\u00e1ssal vagy SZ\u00c9P k\u00e1rty\u00e1val [&hellip;]<\/p>\n","protected":false},"author":1,"featured_media":0,"parent":0,"menu_order":0,"comment_status":"closed","ping_status":"closed","template":"","meta":{"footnotes":""},"class_list":["post-470","page","type-page","status-publish","hentry"],"_links":{"self":[{"href":"https:\/\/villakali.hu\/index.php?rest_route=\/wp\/v2\/pages\/470","targetHints":{"allow":["GET"]}}],"collection":[{"href":"https:\/\/villakali.hu\/index.php?rest_route=\/wp\/v2\/pages"}],"about":[{"href":"https:\/\/villakali.hu\/index.php?rest_route=\/wp\/v2\/types\/page"}],"author":[{"embeddable":true,"href":"https:\/\/villakali.hu\/index.php?rest_route=\/wp\/v2\/users\/1"}],"replies":[{"embeddable":true,"href":"https:\/\/villakali.hu\/index.php?rest_route=%2Fwp%2Fv2%2Fcomments&post=470"}],"version-history":[{"count":10,"href":"https:\/\/villakali.hu\/index.php?rest_route=\/wp\/v2\/pages\/470\/revisions"}],"predecessor-version":[{"id":524,"href":"https:\/\/villakali.hu\/index.php?rest_route=\/wp\/v2\/pages\/470\/revisions\/524"}],"wp:attachment":[{"href":"https:\/\/villakali.hu\/index.php?rest_route=%2Fwp%2Fv2%2Fmedia&parent=470"}],"curies":[{"name":"wp","href":"https:\/\/api.w.org\/{rel}","templated":true}]}}

<div class="wp-block-group alignfull has-accent-3-background-color has-background has-global-padding is-layout-constrained wp-container-core-group-is-layout-42aa7641 wp-block-group-is-layout-constrained" style="min-height:100vh;margin-top:0;margin-bottom:0;padding-top:var(--wp--preset--spacing--20);padding-right:var(--wp--preset--spacing--50);padding-bottom:var(--wp--preset--spacing--20);padding-left:var(--wp--preset--spacing--50)">
<div class="wp-block-group has-global-padding is-layout-constrained wp-block-group-is-layout-constrained">
<figure class="wp-block-image aligncenter size-full is-resized"><img fetchpriority="high" decoding="async" width="1291" height="412" src="https://villakali.hu/wp-content/uploads/2026/08/fejlec.jpg" alt="" class="wp-image-515" style="object-fit:cover;width:393px;height:100px" srcset="https://villakali.hu/wp-content/uploads/2026/08/fejlec.jpg 1291w, https://villakali.hu/wp-content/uploads/2026/08/fejlec-300x96.jpg 300w, https://villakali.hu/wp-content/uploads/2026/08/fejlec-768x245.jpg 768w, https://villakali.hu/wp-content/uploads/2026/08/fejlec-1024x327.jpg 1024w" sizes="(max-width: 1291px) 100vw, 1291px" /></figure>



<h2 class="wp-block-heading has-text-align-center has-contrast-color has-text-color has-link-color has-small-font-size wp-elements-1" style="margin-right:0;margin-left:0;padding-right:0;padding-left:0">BOROS HÉTVÉGE BALATONAKALIBAN</h2>



<p class="wp-block-paragraph" style="font-size:0.8rem"><br>&#8211;  program időpontja: 2026. október 02 (péntektől) &#8211; 2026.október 04 (vasárnapig)<br>&#8211; teljes ellátással (reggeli &#8211; ebéd &#8211; vacsora)<br>&#8211; pincelátogatás borkóstolóval<br>&#8211; elhelyezés: modern 2 ágyas szobákban, (plusz fő megoldható maximum 4 főig)</p>



<p class="wp-block-paragraph"></p>



<p class="wp-block-paragraph" style="font-size:0.8rem">A hétvége teljes ára, 2 fő részére : 170.000.- Ft<br>ugyanabban a szobában plusz fő : 70.000.- Ft<br>fizetés átutalással vagy SZÉP kártyával</p>



<p class="wp-block-paragraph">Érdeklődni : +36-70-784-2000</p>



<p class="wp-block-paragraph"><a href="mailto:villakali.akali@gmail.com">EMAIL</a></p>



<p class="wp-block-paragraph"><img decoding="async" width="700" height="862" class="wp-image-518" style="width: 700px;" src="https://villakali.hu/wp-content/uploads/2026/08/FlyerMaker_1788184999746.png" alt="" srcset="https://villakali.hu/wp-content/uploads/2026/08/FlyerMaker_1788184999746.png 1300w, https://villakali.hu/wp-content/uploads/2026/08/FlyerMaker_1788184999746-244x300.png 244w, https://villakali.hu/wp-content/uploads/2026/08/FlyerMaker_1788184999746-768x945.png 768w, https://villakali.hu/wp-content/uploads/2026/08/FlyerMaker_1788184999746-832x1024.png 832w, https://villakali.hu/wp-content/uploads/2026/08/FlyerMaker_1788184999746-1248x1536.png 1248w" sizes="(max-width: 700px) 100vw, 700px" /></p>



<p class="wp-block-paragraph"></p>



<div style="height:var(--wp--preset--spacing--10)" aria-hidden="true" class="wp-block-spacer"></div>



<div class="wp-block-buttons is-content-justification-center is-layout-flex wp-container-core-buttons-is-layout-0aa01211 wp-block-buttons-is-layout-flex"></div>
</div>
</div>

<p>BOROS HÉTVÉGE BALATONAKALIBAN &#8211; program időpontja: 2026. október 02 (péntektől) &#8211; 2026.október 04 (vasárnapig)&#8211; teljes ellátással (reggeli &#8211; ebéd &#8211; vacsora)&#8211; pincelátogatás borkóstolóval&#8211; elhelyezés: modern 2 ágyas szobákban, (plusz fő megoldható maximum 4 főig) A hétvége teljes ára, 2 fő részére : 170.000.- Ftugyanabban a szobában plusz fő : 70.000.- Ftfizetés átutalással vagy SZÉP kártyával [&hellip;]</p>
